pose -a*t + 2788 = -257*t. What are the prime factors of t?
17, 41
Suppose -3*m + 24067 = -2*c, 0 = 5*m + 10*c - 14*c - 40113. What are the prime factors of m?
13, 617
Let w(r) = 20*r**2 + 9*r + 57. Let p be w(-4). Suppose -2*c + p + 365 = 0. What are the prime factors of c?
353
Suppose 0 = 26*l - 33*l + 4*m + 8922, -4*l + 5082 = -5*m. What are the prime factors of l?
2, 3, 71
Let c(t) be the first derivative of t**5/20 - t**4/4 + 3*t**3/2 + t**2 - 27. Let d(a) be the second derivative of c(a). What are the prime factors of d(-6)?
3, 17
Let i = 52 - 44. Let r(q) = q - 10. Let d be r(i). List the prime factors of (d - -978)/4 + -4.
2, 3, 5
Suppose 0 = 5*v + 4*i - 221471, -5*v + 7*i + 44604 + 176878 = 0. List the prime factors of v.
3, 5, 2953
Suppose 112*q + 43*q - 5215410 = -12*q. What are the prime factors of q?
2, 3, 5, 347
Let t(a) = -1. Let q be (1/(-2))/((-1)/(-12)). Let u(n) = -125*n**2 - n + 5. Let x(m) = q*t(m) - u(m). What are the prime factors of x(-1)?
5
Let a = 16971 + -1053. What are the prime factors of a?
2, 3, 7, 379
Let z(c) = -8*c**2 - 56*c. Let b be z(-7). Suppose b = 68*x - 91*x + 16307. List the prime factors of x.
709
Let v(l) = -16*l - 104. Let d be v(-5). List the prime factors of (1 - 23844/d)*(-2)/(-3).
3, 13, 17
Let v be 18/14 + -1 + 828/42. What are the prime factors of 2/(-10) + 3064/v?
3, 17
Let q = 43 + 5. Let g = 112 + q. Suppose -2*v = -4*v + g. What are the prime factors of v?
2, 5
Let c(n) = n**2 + 58*n - 682. Let f be c(10). Let h = -14 - -81. List the prime factors of (21/7 - (-2)/f)*h.
2, 67
Let l(t) be the third derivative of -t**6/120 + 4*t**5/15 - 17*t**4/24 + 5*t**3/3 + 12*t**2. Let n be l(15). List the prime factors of 51/(-2)*n/30.
17
Let r(i) = 44*i + 108. Let t be r(6). List the prime factors of -2 + (-4)/(-1) + -14 + t.
2, 3, 5
Let z = 253 + -255. List the prime factors of (-292)/(z*2/4).
2, 73
Suppose -34 = -22*j + 5*j. Suppose -5*i - 228 = -j*u - i, 0 = i - 1. List the prime factors of u.
2, 29
Let d(y) = -5*y**2 + 14*y + 147. Let q be d(-8). Let r = -676 - -1140. Let x = q + r. List the prime factors of x.
179
List the prime factors of 5 - -1*(2 - -7 - -6710).
2, 41
Suppose 3358286 - 1105035 = -21*k + 112*k. List the prime factors of k.
11, 2251
What are the prime factors of 13474/(116/20 + -5) - (-14)/(-28)?
2, 3, 7, 401
Suppose 4*w = -5*x + 564, -4*w - 143 = x - 691. Let f = w - 3. Let z = -45 + f. What are the prime factors of z?
2, 11
Let x be (-3 + 9)*2/6. Let c = 0 + x. Suppose -j + 12 = c. List the prime factors of j.
2, 5
Let m be (5 + -5)/(1 - 4). Suppose m = d + 52 + 36. Let l = 125 + d. What are the prime factors of l?
37
Suppose 0 = 5*r - f - 2*f + 2111, 0 = -4*r + 3*f - 1687. Let a be 1/(8/(-48) + r/(-2526)). What are the prime factors of 14/63 + (-2 - a/(-18))?
3, 5
List the prime factors of -1*(-10 + 9)*6703.
6703
Let y(h) = 122*h**2 - 120*h**2 - 10*h - 2*h - 5*h - 42. Let k be y(19). Let r = 512 - k. What are the prime factors of r?
5, 31
Suppose 2*v = 4*s + 532, 6*s - s = 3*v - 666. Let n = 2165 + -1891. Let o = n + s. What are the prime factors of o?
2, 71
Suppose 0 = -0*z + 5*z + 410. Let p = 61 + z. Let y = p + 63. List the prime factors of y.
2, 3, 7
Let r(o) be the second derivative of o**6/60 + o**5/120 + 5*o**4/24 - 3*o**3 + 5*o. Let n(b) be the second derivative of r(b). List the prime factors of n(4).
3, 5, 7
Let w(j) = -5*j + 13. Let p(q) = 5*q - 5*q**2 + 4*q**2 + 17 + 25 - 38. Let c be p(7). What are the prime factors of w(c)?
3, 7
Suppose 0 = 2*f + 2*v + 2 - 10, -3*f + 4*v = -26. Let o(y) = y**3 + 20*y - 13. What are the prime factors of o(f)?
17, 19
Suppose r - 24433 = -2*f, 20995 = 2*f + 2*r - 3431. What are the prime factors of f?
2, 5, 13, 47
What are the prime factors of -15*(-38432)/(-336)*(-1 + -6)?
2, 5, 1201
Let w be ((-6)/(-4) - 3)/(3/(-6)). Suppose -w*i = -53 - 28. What are the prime factors of 3*(-2)/i - (-850)/18?
47
Let h(t) = 276*t**2 + 49*t - 182. What are the prime factors of h(8)?
2, 3, 331
Let x = 176 - 344. Let i = 349 + x. What are the prime factors of i?
181
Let h = 74 + -64. Suppose -5*j = h, -5*j - 16 - 4 = -5*f. Suppose 0 = 2*b - t - 234, 5*t = b - f*b + 106. What are the prime factors of b?
2, 29
Let g = 12294 - 4175. List the prime factors of g.
23, 353
Let g be (-3)/((-45)/65) - 2/6. Suppose -5*h = 5*m - 8345, -7*h + 6*h + 6667 = g*m. What are the prime factors of m?
2, 7, 17
Let j(k) = k**3 - 13*k**2 - 5*k - 27. Let a = -134 - -151. List the prime factors of j(a).
2, 3, 29
Let m = 339 + -285. Let q = m + 513. List the prime factors of q.
3, 7
Let x(q) = q**3 - 7*q**2 + 13*q - 22. Let g be x(5). Let k(u) = 3*u + 1 + 2*u**2 + 13 + 4 + 6*u. What are the prime factors of k(g)?
53
Let s(b) = 27527*b - 1844. What are the prime factors of s(2)?
2, 5, 17, 313
List the prime factors of 18/135 - 146604/(-45).
2, 3, 181
Suppose 3*z - 4 = 2*x, -5*z + x + 32 = 4*x. Suppose -3 = 3*i - 0*o - o, i = -z*o + 12. Suppose i = -j - 102 + 192. List the prime factors of j.
2, 3, 5
Let f = -109 + 415. Suppose -3*i = -f - 204. List the prime factors of i.
2, 5, 17
Suppose -c - 3*n = -43, 0 = 5*n - 25. Suppose 1180 + 2292 = c*p. What are the prime factors of p?
2, 31
Suppose -t = 11*b - 14*b - 29, b + 4*t + 14 = 0. What are the prime factors of 15*((-68)/b - 5)*4?
2, 3
Let y = 209 + -207. Suppose 2*i + y = 0, -2*i = -h - 2*h + 1502. List the prime factors of h.
2, 5
What are the prime factors of -10 + 1408/(-429)*-3 - (-216536)/52?
2, 3, 347
Suppose 4*u - 7*u + 6*z = 0, 14 = 5*u - 3*z. Suppose -2*b = 3*b - 40. Suppose b*n - u*n = 680. What are the prime factors of n?
2, 5, 17
Suppose 6*t - 8*t - 34*t + 283824 = 0. What are the prime factors of t?
2, 3, 73
Suppose -16*z + 44224 = 20*z - 28*z. What are the prime factors of z?
2, 691
Suppose 9*v - 41 - 40 = 0. Suppose -6046 = -v*c + 3755. List the prime factors of c.
3, 11
Let k = -9 + 14. Suppose 104 = 5*n - d, 0 = 3*n - 70*d + 71*d - 64. Suppose -n + k = -4*v. What are the prime factors of v?
2
Suppose 0 = -326*i + 330*i - 10304. What are the prime factors of i?
2, 7, 23
Let h(j) = -49*j**3 + 8*j**2 - 10*j - 13. List the prime factors of h(-5).
2, 3181
Suppose -4*o + 40 = 5*h, -3*o = -7*o - h + 24. Suppose 3*v = 3*k - 921, o*k - 7*v = -3*v + 1536. What are the prime factors of k?
2, 7, 11
List the prime factors of (-4217)/((-8)/12*57/76).
2, 4217
Let j(v) be the third derivative of v**6/120 - 4*v**5/15 + 5*v**4/12 + 85*v**3/6 - 223*v**2. What are the prime factors of j(17)?
2, 17
Suppose -89*g = -33*g - 17976. What are the prime factors of g?
3, 107
Let k(x) = 2*x**2 + 13*x - 4. Let g be k(-7). List the prime factors of (9 + (12 - g))/((-2)/(-23)).
3, 23
Suppose -5*w = 40, -2*w = -29*u + 25*u + 181796. List the prime factors of u.
5, 61, 149
Let b(c) = c**3 - 3*c**2 - 4*c - 2. Let h be b(-1). What are the prime factors of ((-88)/(-10))/(h/(-35))?
2, 7, 11
Suppose -2*p - 20 = 2*m, 4*p + 17 + 13 = -2*m. Let z be 72/1 + 5/m. Suppose 5*x = z + 124. List the prime factors of x.
3, 13
Let s(o) = -53*o - 36. Let j be s(-5). Suppose 137 = 3*y - j. Suppose 5*p - 600 = -5*a, 0*a = -a + p + y. List the prime factors of a.
11
What are the prime factors of (5620/(-4))/((-3)/(-12) - (-39)/(-52))?
2, 5, 281
Suppose -267*x + 238*x + 34655 = 0. List the prime factors of x.
5, 239
Let q = -9732 + 15311. What are the prime factors of q?
7, 797
Let o = -59749 - -88084. List the prime factors of o.
3, 5, 1889
Suppose 346357 = 42*y + 30*y + 19909. What are the prime factors of y?
2, 2267
Suppose 80*l + 15581 = -81*l + 162*l. What are the prime factors of l?
15581
Suppose -13*t - 3559 = -3273. Let g = -312 + -36. List the prime factors of g/t + 16/88.
2
Let z = -8427 + 18239. List the prime factors of z.
2, 11, 223
Let s be -6 + 7 + 1/1. Suppose 0 = t - s*m + 1 + 5, -4 = -m. Suppose 3*b - 225 = 4*h, -2*b - h = -t*h - 155. What are the prime factors of b?
79
Suppose -3*n + 2*f = -7804, 2*n - 5200 = -0*f + 4*f. Suppose 13*v - n + 444 = 0. List the prime factors of v.
2, 83
Suppose -4*d + 5*c - 5408 = 0, 4*d + 4*c + 2730 = 2*d. Let v = d - -2222. Suppose -3*n - z + 6*z = -487, 0 = -5*n - 5*z + v. What are the prime factors of n?
13
Suppose 3 = 12*o + 1131. Let c = 96 + o. Suppose 3*b = -c*m + 169, -b + 3 = -4*b. What are the prime fac